at is 3120220 - 1032?
3113122
In base 11, what is -146 - 16766?
-16901
In base 15, what is 765a90 - -e?
765a9e
In base 7, what is -446014 - -1525?
-444156
In base 8, what is -540657 + -36?
-540715
In base 5, what is -300 + 4042114?
4041314
In base 9, what is 43434 + -441?
42883
In base 11, what is -55 + 4914?
486a
In base 2, what is -1001101001110101001 - -1000111111?
-1001101000101101010
In base 6, what is -124 + -104520055?
-104520223
In base 9, what is -6 - -1164516?
1164510
In base 2, what is 111001010110000111 + 1001?
111001010110010000
In base 2, what is 1001 - -100011111001101011100?
100011111001101100101
In base 13, what is 63135b + 53?
6313b1
In base 13, what is -1 + -782b438?
-782b439
In base 4, what is 1100102021 - -22?
1100102103
In base 14, what is 10a05d - -7?
10a066
In base 12, what is 1 - 4749476?
-4749475
In base 10, what is 930 - 101947?
-101017
In base 14, what is 4 + -5c2a3c?
-5c2a38
In base 2, what is 1010100101101010 - -1000111001?
1010101110100011
In base 14, what is 587 - -3469?
3a12
In base 15, what is 3a276 + -2c4?
39ea2
In base 4, what is -2103001233233 + -1?
-2103001233300
In base 2, what is 111100010001010010111 - 10010?
111100010001010000101
In base 3, what is 1211 + 1210212200?
1210221111
In base 8, what is 2 - -1636560764?
1636560766
In base 6, what is 1255431 + 211?
1300042
In base 8, what is -2 + -410530771?
-410530773
In base 2, what is 11 - -1000100110011011011100?
1000100110011011011111
In base 13, what is 3 - 54b1819?
-54b1816
In base 3, what is -1101110022221122 + -2202?
-1101110100001101
In base 14, what is 3610 + -c85?
2769
In base 9, what is -1855 + -16041?
-18006
In base 12, what is 57a8a8 - 25?
57a883
In base 6, what is 1211 + -21544430?
-21543215
In base 15, what is 9961e2 + -1c?
9961c5
In base 12, what is 4b8a - -377?
5345
In base 6, what is 1102500 - -15155?
1122055
In base 7, what is -46013 - -401?
-45312
In base 7, what is 303555043 - -4?
303555050
In base 8, what is -205 + -2631417?
-2631624
In base 12, what is -1 - b9415b3?
-b9415b4
In base 12, what is -70a002 + -745?
-70a747
In base 15, what is 26e71 + -8a9?
265b7
In base 10, what is -3 - 115857694?
-115857697
In base 6, what is -34 - 31104123?
-31104201
In base 16, what is 2c - -7817?
7843
In base 11, what is -43917 + 3245?
-40682
In base 3, what is 12 + -112002?
-111220
In base 5, what is 3 + -4100201011?
-4100201003
In base 16, what is c5d4 + 4?
c5d8
In base 15, what is -32c75 + -21?
-32c96
In base 12, what is -647705a - 3?
-6477061
In base 8, what is 4235774101 + 5?
4235774106
In base 13, what is 5b1067a - -5?
5b10682
In base 2, what is -100111011101 - 1000100100111?
-1101100000100
In base 8, what is 261061 - 644?
260215
In base 4, what is -130301330 + 300?
-130301030
In base 11, what is 16 - 335259a?
-3352584
In base 6, what is 330 + -403415?
-403045
In base 3, what is 1212000010 + -11101012?
1200121221
In base 16, what is -110f39 + -4?
-110f3d
In base 4, what is -122001002 + -102?
-122001110
In base 13, what is -4080 + 16604?
12554
In base 11, what is a7 + 23139?
23235
In base 2, what is 101001110110 - 10100000111100?
-1110111000110
In base 2, what is 11001100101100 - 1000101101010000?
-101100000100100
In base 3, what is 110 - 22100111212120?
-22100111212010
In base 5, what is 20012 + 4420?
24432
In base 6, what is 51 + 414454155?
414454250
In base 15, what is -93b7b - 374?
-94000
In base 10, what is 230170 + -61?
230109
In base 11, what is -5 + 2927898?
2927893
In base 2, what is 10000000010001100 - -1010011?
10000000011011111
In base 12, what is 2433 + 254?
2687
In base 10, what is -81028469 - 1?
-81028470
In base 14, what is -161 - 180a07?
-180b68
In base 10, what is -4 - -1840545?
1840541
In base 10, what is 1664 - -19770?
21434
In base 7, what is 264065234 - 35?
264065166
In base 11, what is 36a3225 - 1?
36a3224
In base 7, what is 16326 - -1163?
20522
In base 8, what is 1 + -26351647?
-26351646
In base 15, what is -10 + -a31863?
-a31873
In base 9, what is -55047 + -1251?
-56308
In base 8, what is 237116147 - -5?
237116154
In base 10, what is -137514377 - 1?
-137514378
In base 10, what is -1 - -26326215?
26326214
In base 13, what is -409ac96 - -13?
-409ac83
In base 16, what is -4a0 + 6ba0?
6700
In base 10, what is -169264 + -639?
-169903
In base 2, what is -101110011100110000100 + -100?
-101110011100110001000
In base 15, what is -154 - -54585?
54431
In base 15, what is b3844d - -3?
b38451
In base 5, what is -1021231124 - -2122?
-1021224002
In base 16, what is 1df9 + -357e?
-1785
In base 15, what is -1ca616 - -25?
-1ca5e1
In base 5, what is 132 - -2214114304?
2214114441
In base 15, what is -29 - 1243325?
-124334e
In base 12, what is -3 + -10475232?
-10475235
In base 16, what is -4 - -f4a0420?
f4a041c
In base 13, what is -85b840 - 2?
-85b842
In base 8, what is -20604 - 4142?
-24746
In base 8, what is -300321055 + 3?
-300321052
In base 10, what is -1135067611 - 2?
-1135067613
In base 7, what is -23 - -1524326?
1524303
In base 12, what is -18040 - -18?
-18024
In base 6, what is 5 - 25235515?
-25235510
In base 11, what is -2 + 21615154?
21615152
In base 12, what is a0935 - -8?
a0941
In base 7, what is -6552 + 1333164?
1323312
In base 7, what is 306300 - 53?
306214
In base 3, what is -101 + -2212211011000200?
-2212211011001001
In base 3, what is -1 + 121110122211011100?
121110122211011022
In base 8, what is 121036 + 537?
121575
In base 14, what is 6215 - 19c?
6057
In base 15, what is b - 2e2d3?
-2e2c7
In base 10, what is 52775802 + -4?
52775798
In base 10, what is -4501780 + 2?
-4501778
In base 5, what is -10034104 - 1022?
-10040131
In base 4, what is 2021302030 + 1231?
2021303321
In base 13, what is 0 + 14154023?
14154023
In base 16, what is -1211c - 32d?
-12449
In base 2, what is 110 - -1111000101011010110010?
1111000101011010111000
In base 3, what is 11220200221 + 1211?
11220202202
In base 15, what is 7b - 1974ec?
-197471
In base 16, what is 48 - -2820e8?
282130
In base 9, what is -14 - -24880776?
24880762
In base 10, what is -102 + -452444?
-452546
In base 6, what is -142304 + 1243?
-141021
In base 7, what is -213322333 + -5?
-213322341
In base 11, what is 247671 + -13?
247659
In base 6, what is -2204112 + 430?
-2203242
In base 10, what is -509 - 112589?
-113098
In base 11, what is 164872 - 24?
164849
In base 9, what is 308 + 13274?
13583
In base 16, what is 36 - 1d1dc?
-1d1a6
In base 9, what is 4424 + -3515?
808
In base 11, what is 163203 - 4138?
15a076
In base 15, what is -745b8c + -39?
-745bc6
In base 7, what is -6520 + -264502?
-304322
In base 2, what is -10101110000110100110001 + 1010101?
-10101110000110011011100
In base 16, what is 2 - 68fd4?
-68fd2
In base 4, what is -1 - -230103312021?
230103312020
In base 4, what is 3112122 + 23113122?
32231310
In base 3, what is -1120210222 + -100201?
-1121011200
In base 2, what is -110001100001110110 + 11111110011?
-110001000010000011
In base 5, what is -213120 - -2111?
-211004
In base 14, what is -2 + -2d13bb?
-2d13bd
In base 8, what is 5127122 + -207?
5126713
In base 3, what is -2102200210111010 + 20?
-2102200210110220
In base 14, what is 258 + -ba2?
-948
In base 11, what is 4a213204 + 10?
4a213214
In base 14, what is a + 1d4098?
1d40a4
In base 12, what is -306910 - -2b?
-3068a1
In base 8, what is 3047454 - 32?
3047422
In base 15, what is 4b + -4001?
-3ea5
In base 11, what is 3 + -24183044?
-24183041
In base 10, what is 81900567 + -2?
81900565
In base 4, what is -2132000 - -3022?
-2122312
In base 15, what is -7c9 + 9368b?
92db2
In base 15, what is -2 - 25796b?
-25796d
In base 9, what is 23 + 12361567?
12361601
In base 9, what is 2183012 - -7?
2183020
In base 6, what is -1233 + 31?
-1202
In base 15, what is 13943bb9 - -1?
13943bba
In base 10, what is 51 + 20503625?
20503676
In base 15, what is -40 + cbeb?
cbab
In base 3, what is -20110020221 - -12222?
-20110000222
In base 4, what is 3 - -1031113020231?
1031113020300
In base 2, what is -101111001 - -1111111000010111?
1111110010011110
In base 5, what is -103300320122 + 4?
-103300320113
In base 12, what is 3 - -3625115?
3625118
In base 11, what is -47474a41 - -2?
-47474a3a
In base 4, what is 1321101 - -3031113?
11012220
In base 9, what is 14517628 - -57?
14517686
In base 10, what is 7563 + -38?
7525
In base 14, what is 1d7 - a3392?
-a319